(-269).
2
Let p(j) = j**3 + 11*j**2 + 723*j + 8012. What is p(-11)?
59
Let b(f) = -f**3 + 306*f**2 - 2308*f + 152386. What is b(300)?
-14
Let f(p) = 6*p**3 + 686*p**2 + 133*p - 10838. Give f(-114).
-8
Let f(s) = 2*s**3 - 53*s**2 + 45*s - 99. Determine f(26).
395
Let v(n) = -n**3 - 9*n**2 + n - 1419. Give v(-15).
-84
Let v(h) = h**3 - 491*h**2 - 111*h + 54461. What is v(491)?
-40
Let w(l) = -l**3 + l**2 + 16*l + 828. Give w(0).
828
Let q(j) = -32490*j + 194858. Calculate q(6).
-82
Let d(n) = -65290*n - 1110065. Calculate d(-17).
-135
Let j(z) = -14638*z - 234177. Calculate j(-16).
31
Let p(d) = -d**3 - 20*d**2 + 69*d + 433. What is p(-22)?
-117
Let g(c) = -4174*c - 275476. What is g(-66)?
8
Let u(y) = 3859*y + 339978. Determine u(-88).
386
Let m(g) = 2388*g + 148029. What is m(-62)?
-27
Let w(d) = 21*d**2 - 168*d + 111. Determine w(1).
-36
Let o(t) = -4*t**3 - 1030*t**2 - 2569*t - 1089. Give o(-255).
3756
Let t(o) = o**2 + 16309*o - 3686645. Determine t(223).
-9
Let q(m) = -42917*m + 85963. Calculate q(2).
129
Let w(m) = -99*m + 4343. Calculate w(54).
-1003
Let h(c) = -1828*c - 42048. Determine h(-23).
-4
Let u(g) = g**3 - 42*g**2 - 100*g + 5522. Calculate u(41).
-259
Let j(u) = 4*u**2 + 1086*u - 1642. Give j(-273).
-4
Let g(t) = 4*t**2 + 469*t + 6958. Calculate g(-17).
141
Let x(f) = 2*f**2 - 32565*f - 65132. Calculate x(-2).
6
Let r(g) = -2462*g**2 + 795231*g - 1612. What is r(323)?
3
Let n(p) = -p**3 - 20*p**2 - 15*p - 114. What is n(-17)?
-726
Let z(h) = -5*h**3 + 24*h**2 - 72*h - 158. Determine z(6).
-806
Let i(z) = z**2 + 76*z - 14123. Determine i(-163).
58
Let f(x) = -77*x**2 + x - 83. Determine f(5).
-2003
Let w(a) = a**2 - 104*a - 12763. Determine w(-72).
-91
Let c(q) = -q**3 - 160*q**2 + 5260*q - 815. Determine c(-188).
-63
Let d(x) = -4*x**3 + 222*x**2 - 789*x - 55. What is d(4)?
85
Let a(d) = 2*d**3 + 2056*d**2 - 53*d - 54460. Determine a(-1028).
24
Let m(y) = -y**2 + 763*y + 110931. Calculate m(-125).
-69
Let w(y) = 6909*y + 193565. Give w(-28).
113
Let u(k) = 94*k**2 - 116365*k - 8662. What is u(1238)?
4
Let p(t) = -2154*t + 27404. What is p(13)?
-598
Let j(p) = -p**3 + 28*p**2 + 66*p - 2581. Give j(27).
-70
Let o(y) = 655*y - 17668. Determine o(27).
17
Let p(a) = -90*a**2 + 1226*a + 552. Determine p(14).
76
Let n(f) = -f**3 + 10*f**2 - 83*f + 2023. Determine n(15).
-347
Let c(g) = -4*g**3 - 191*g**2 + 1549*g + 24. What is c(7)?
136
Let j(p) = p**3 + 11*p**2 - 4*p + 58. Calculate j(-16).
-1158
Let l(f) = -487289*f + 1461871. Calculate l(3).
4
Let m(i) = -1792*i + 295671. What is m(165)?
-9
Let r(j) = 2*j**2 - 754*j - 23537. Give r(-29).
11
Let u(i) = 17*i**2 + 127*i + 203. What is u(-6)?
53
Let t(o) = 18*o**2 - 1024*o - 2228. What is t(59)?
14
Let d(f) = -f**2 - 15258*f - 137244. Determine d(-9).
-3
Let l(a) = 29*a**2 + 207*a - 168. Determine l(-8).
32
Let r(p) = p**3 + 19*p**2 - 41*p - 618. Give r(-21).
-639
Let f(q) = q**3 + 198*q**2 - 863*q - 52352. Calculate f(-201).
-92
Let g(h) = -h**3 + 8*h**2 + 133*h - 42. What is g(-8)?
-82
Let p(w) = 2*w**2 - 146*w + 1588. Give p(56).
-316
Let m(g) = 17*g - 369. Calculate m(30).
141
Let p(s) = -108*s + 23488. What is p(214)?
376
Let y(n) = -4*n**3 - 470*n**2 + 155*n - 2309. Calculate y(-118).
7249
Let s(g) = 3*g**3 + 293*g**2 - 237*g - 13597. Give s(-98).
25
Let a(v) = v**3 - 189*v**2 - 431*v + 9347. Determine a(191).
-12
Let q(a) = a**2 + 936*a + 163748. Give q(-233).
-51
Let g(n) = -2*n**3 - 4*n**2 + 657*n - 1983. Give g(3).
-102
Let a(c) = 299*c - 5163. What is a(18)?
219
Let h(v) = 12*v**2 + 538*v - 74. Determine h(-45).
16
Let a(t) = -t**3 - 152*t**2 - 303*t + 7. Give a(-2).
13
Let q(j) = 233*j - 4923. Determine q(20).
-263
Let w(l) = 2*l**2 - 17*l - 459. What is w(-12)?
33
Let p(n) = n**2 - 18160*n - 163539. What is p(-9)?
-18
Let m(d) = -6107*d + 768967. Give m(126).
-515
Let o(d) = 119*d - 464. Give o(12).
964
Let b(n) = 2*n**3 - 19*n**2 - 11*n - 7. Give b(8).
-287
Let u(j) = 18*j**2 + 787*j + 1988. Determine u(-41).
-21
Let f(r) = 1270*r + 68508. What is f(-54)?
-72
Let c(k) = 4*k**2 + 30955*k - 123903. What is c(4)?
-19
Let x(p) = -4*p**3 - 812*p**2 + 3*p + 810. What is x(-203)?
201
Let f(r) = 94*r + 6381. Determine f(-52).
1493
Let d(b) = -42*b + 5516. Determine d(131).
14
Let h(t) = -1214*t - 52954. Determine h(-45).
1676
Let k(o) = -2*o**3 + 311*o**2 - 11059*o + 177. Determine k(55).
-43
Let t(n) = -n**2 + 116*n + 3758. Give t(136).
1038
Let x(j) = 1358*j - 25798. Give x(19).
4
Let s(p) = 65*p - 2251. Give s(33).
-106
Let k(u) = -2532*u - 25283. Give k(-10).
37
Let t(k) = -1380*k - 193192. What is t(-140)?
8
Let d(c) = 51*c - 6429. Calculate d(127).
48
Let s(c) = -9*c**3 + 46*c**2 + 204*c + 64. Determine s(8).
32
Let h(u) = -10591*u + 6905309. Give h(652).
-23
Let m(j) = 713*j - 12928. Give m(18).
-94
Let v(g) = g**2 - 5682*g - 68331. Determine v(-12).
-3
Let d(j) = j**3 - 10*j**2 + 733*j - 3542. Calculate d(5).
-2
Let t(h) = -343*h + 4946. Determine t(19).
-1571
Let x(y) = y**3 + 32*y**2 + 12*y - 237. What is x(-13)?
2818
Let a(m) = 9135*m - 4978542. Calculate a(545).
33
Let a(b) = -14*b**2 - 107*b + 1873. What is a(-16)?
1
Let n(z) = z**3 + 17*z**2 + 28*z - 75. What is n(-12)?
309
Let y(v) = -721*v**3 - 32*v**2 - 24*v + 7. Determine y(-1).
720
Let w(j) = 12*j**2 - 455*j + 976. What is w(36)?
148
Let c(y) = 3*y**2 - 1114*y - 23060. What is c(391)?
9
Let p(q) = 2121*q + 18671. Calculate p(-9).
-418
Let h(d) = 681*d**2 + 12861*d - 61. Give h(-19).
1421
Let d(v) = 15*v**2 + 2736*v - 84811. Calculate d(27).
-4
Let w(t) = 42*t + 3033. Give w(-74).
-75
Let q(b) = -b**3 + 203*b**2 + 827*b + 242. Give q(207).
35
Let t(f) = 11882*f + 166349. What is t(-14)?
1
Let s(a) = 193356*a - 386781. What is s(2)?
-69
Let a(k) = -7*k**3 + k**2 + 3511*k - 7013. Calculate a(2).
-43
Let g(k) = 52*k**3 + 385*k**2 - 751*k - 39. What is g(2)?
415
Let q(s) = -2*s**3 - 44*s**2 - 87*s + 83. What is q(-21)?
1028
Let i(p) = -518*p - 114023. What is i(-220)?
-63
Let t(c) = 11472*c - 3418646. Give t(298).
10
Let h(t) = 17*t**2 + 3*t + 3402. Calculate h(0).
3402
Let s(l) = l**2 - 9936*l + 158713. Give s(16).
-7
Let r(a) = -a**3 - 229*a**2 + 683*a + 51044. Determine r(-231).
-7
Let w(l) = 168*l**2 + 1562*l - 6203. Calculate w(3).
-5
Let r(x) = -74*x**3 + 3265*x**2 - 408*x + 557. What is r(44)?
29
Let i(o) = -o**3 + 10*o**2 + 352*o - 1053. Determine i(3).
66
Let p(z) = -z**3 + 41*z**2 - 351*z + 13. What is p(10)?
-397
Let n(c) = 1268*c - 25048. What is n(20)?
312
Let s(l) = l**2 - 2575*l + 35851. Give s(14).
-3
Let u(h) = -12*h**2 - 985*h - 13293. Determine u(-17).
-16
Let l(i) = -80*i - 1278. What is l(-16)?
2
Let t(f) = 16*f**3 + 4003*f**2 + 717*f - 8254. What is t(-250)?
-4
Let c(l) = -2*l**2 - 29*l + 158. What is c(11)?
-403
Let m(y) = -19314*y - 444221. Determine m(-23).
1
Let t(l) = 66734*l - 133333. Determine t(2).
135
Let s(i) = -3*i**2 + 1119*i + 31132. What is s(399)?
10
Let c(n) = 1332*n + 3537. Calculate c(-3).
-459
Let a(l) = -l**2 + 2078*l - 45260. Give a(22).
-28
Let a(h) = -1415*h - 15859. Calculate a(-11).
-294
Let i(j) = -33189*j - 166501. Calculate i(-5).
-556
Let j(n) = -374124*n - 3741237. Give j(-10).
3
Let t(z) = -285*z - 7484. Calculate t(-26).
-74
Let o(g) = -3668*g**2 + 14679*g + 26. What is o(4)?
54
Let k(v) = 14*v**2 + 125*v - 74. What is k(-9)?
-65
Let j(w) = -5*w**2 - 3377*w + 37770. Give j(11).
18
Let n(b) = -151003*b - 1057005. What is n(-7)?
16
Let t(s) = -4035*s - 23931. Calculate t(-6).
279
Let u(y) = -y**3 - 275*y**2 - 1876*y - 45. Give u(-268).
-45
Let t(i) = i**2 + 1426*i - 93810. What is t(63)?
-3
Let u(r) = -110*r**2 - 60*r + 64. What is u(1)?
-106
Let z(a) = -24583*a - 5113261. Determine z(-208).
3
Let p(t) = -109610*t - 438439. What is p(-4)?
1
Let l(u) = 1090*u**3 - 6540*u**2 + 12*u - 18. Calculate l(6).
54
Let t(n) = -973*n**2 - 36978*n - 94. Calculate t(-38).
58
Let y(c) = -8*c**2 + 12647*c + 12644. Calculate y(-1).
-11
Let h(f) = -2*f**2 + 65*f + 352. Calculate h(-25).
-2523
Let m(f) = f**3 - 116*f**2 + 1272*f - 191. Determine m(12).
97
Let c(n) = 3297*n + 26282. Calculate c(-8).
-94
Let f(t) = -4*t**2 - 2370*t - 36897. Determine f(-16).
-1
Let x(g) = 12989*g - 831310. Calculate x(64).
-14
Let a(b) = -3*b**3 - 931*b**2 + 792*b + 52882. Determine a(-311).
12
Le